{"id":2396,"date":"2020-01-29T20:10:18","date_gmt":"2020-01-29T19:10:18","guid":{"rendered":"http:\/\/seowarriors.club\/plataforma\/?page_id=2396"},"modified":"2024-10-15T16:40:43","modified_gmt":"2024-10-15T15:40:43","slug":"pagina-de-afiliados","status":"publish","type":"page","link":"https:\/\/seowarriors.club\/plataforma\/pagina-de-afiliados\/","title":{"rendered":"P\u00e1gina de Afiliados"},"content":{"rendered":"<h1>P\u00e1gina de Afiliados<\/h1>\n<p>Seowarriors.club es una membres\u00eda de SEO.<br \/>\nSu objetivo es hacer que la gente <strong>aprenda a vivir de internet gracias al SEO<\/strong>, como reza en nuestro logo.<br \/>\nNos dirigimos a dos <strong>perfiles claramente diferenciados dentro del SEO<\/strong>: nicheros y consultores.<br \/>\nLos <strong>nicheros<\/strong> quieren vivir de internet gracias a sus propios proyectos, ya sean con Adsense, Amazon o cualquier otro sistema de monetizaci\u00f3n.<br \/>\nQuieren hacerlo desde la tranquilidad de su casa o desde donde se sientan m\u00e1s c\u00f3modos, pero sin tener que dar explicaciones a nadie. Es lo que nosotros hemos llamado el <strong>SEO para ti<\/strong>.<br \/>\nPor el contrario, los <strong>consultores<\/strong> tienen que tratar con clientes, ya sea que trabajen en una agencia o sean freelance. Aqu\u00ed ya no se trabaja con proyectos propios, sino con los de otros que ponen su dinero en las manos del consultor. A esto lo hemos llamado dentro de la membres\u00eda, <strong>SEO para terceros<\/strong>.<\/p>\n<h2>Ventajas para quienes se apunten a SEOWarriors<\/h2>\n<ul>\n<li>Est\u00e1 por debajo del precio de la competencia: 30\u20ac\/mes o 300\u20ac\/a\u00f1o<\/li>\n<li>Se trata de un curso avalado por la marca Dean Romero, uno de los SEOs m\u00e1s reconocidos en el sector hispano.<\/li>\n<li>Dos clases por semana (m\u00ednimo)<\/li>\n<li>Directos con otros profesionales del sector para que aporten su experiencia y punto de vista<\/li>\n<li>Hoja de ruta o roadmap con un temario perfectamente estructurado para que nadie se pueda perder durante el proceso de aprendizaje. No publicamos clases al azar, sino con un objetivo claro donde cada clase tiene conexi\u00f3n con la anterior.<\/li>\n<li>\u00danica membres\u00eda que ense\u00f1ar\u00e1 a la gente a ser consultores SEO, una profesi\u00f3n cada vez m\u00e1s demandada y hasta ahora solo accesible si adquieres un M\u00e1ster.<\/li>\n<li>Se tratar\u00e1n todas las ramas del SEO: nichos, blogs, ecommerce, SEO local, etc.<\/li>\n<li>Sistema de gamificaci\u00f3n que fomenta la participaci\u00f3n de los usuarios y a medida que ascienden van obteniendo diferentes premios y\/o descuentos.<\/li>\n<li>Un mont\u00f3n de cursos que ya est\u00e1n disponibles, y que seguiremos sacando, de distintas herramientas SEO y temas importantes, como la Intenci\u00f3n de B\u00fasqueda.<\/li>\n<\/ul>\n<h2>\u00bfCu\u00e1l es tu papel como afiliado?<\/h2>\n<p>Tu papel como afiliado es el de captar suscriptores para la membres\u00eda a cambio de cobrar una comisi\u00f3n.<br \/>\nPuedes moverlo por redes sociales, blogs, foros&#8230;, como t\u00fa creas conveniente y de la mejor forma para que puedas captar el mayor n\u00famero de suscriptores.<br \/>\nNos tienes a tu disposici\u00f3n si necesitas banners o cualquier otro elemento para promocionar SEOWarriors.<\/p>\n<h2>Condiciones que recibir\u00e1s por afiliarte a SEOWarriors<\/h2>\n<p>Por ser afiliado, percibir\u00e1s un&nbsp;<strong>25% de comisi\u00f3n del precio de la membres\u00eda en la primera recurrencia y un 10% en las siguientes<\/strong>&nbsp;por cada usuario que se registre.<br \/>\nTienes que tener en cuenta que dicha comisi\u00f3n se calcula del precio neto, es decir, del dinero que queda una vez se han restado los impuestos y la comisi\u00f3n que se lleva Hotmart.<br \/>\nEl precio de la membres\u00eda es de 30\u20ac\/mes o de 300\u20ac\/a\u00f1o.<\/p>\n<h2>C\u00f3mo hacemos el trackeo de los afiliados<\/h2>\n<p>El trackeo para afiliados que usamos con Hotmart es incre\u00edblemente fiable. Se trata de un sistema muy avanzado que garantiza que la captaci\u00f3n de leads de cada uno de los afiliados se mida de manera absolutamente rigurosa.<br \/>\nPara ello, se disponen de varios recursos:<\/p>\n<ol>\n<li style=\"list-style-type: none;\">\n<ol>\n<li><strong>Hotleads<\/strong>: es una herramienta que permite que se rastreen los leads que genera un afiliado gracias a unos c\u00f3digos de seguimiento que se implementan en cada p\u00e1gina. Dichos c\u00f3digos permiten a la herramienta monitorizar el comportamiento que tiene cada lead desde que comienza a seguir tu enlace de afiliado hasta que decide apuntarse a la Membres\u00eda.<br \/>\nNo importa que el lead vea primero el enlace con un m\u00f3vil y acabe contratando con un pc.<br \/>\nDe esta forma, se evita que el afiliado tenga p\u00e9rdidas importantes de leads.<br \/>\nTanto nosotros en SEOWarriors como Hotmart, cuidamos de nuestros afiliados. Hotleads supone la forma m\u00e1s fiable de captar leads por afiliados, muy por encima de las t\u00edpicas cookies.<\/li>\n<li><strong>Cookies<\/strong>: tambi\u00e9n disponemos de ellas para poder medir c\u00f3mo se comporta el lead. Las cookies del lead por el cual vengan referidos de parte del afiliado tendr\u00e1n una duraci\u00f3n de 60 d\u00edas (tambi\u00e9n para los Hotleads).<br \/>\nDe este modo, cualquier lead que haya llegado a SEOWarriors.club a trav\u00e9s de tu enlace, si compra en ese periodo de tiempo se considerar\u00e1 un referido tuyo.<\/li>\n<\/ol>\n<\/li>\n<\/ol>\n<h2>C\u00f3mo darse de alta en nuestro sistema de afiliados<\/h2>\n<p>Tendr\u00e1s que entrar en <a class=\"docs-creator\" href=\"https:\/\/app-vlc.hotmart.com\/affiliate-recruiting\/view\/9719S17146172\" target=\"_blank\" rel=\"noopener\">este enlace de afiliaci\u00f3n de SEOWarriors.club<\/a> y <strong>seguir los pasos de este v\u00eddeo<\/strong> que te dejamos aqu\u00ed:<br \/>\n<iframe loading=\"lazy\" src=\"https:\/\/player.vimeo.com\/video\/604024518?h=86cdb9c3c7\" width=\"640\" height=\"360\" frameborder=\"0\" allowfullscreen=\"allowfullscreen\"><\/iframe><\/p>\n<h2><\/h2>\n<h2>Posibles dudas de los compradores y respuestas<\/h2>\n<h3>Objeci\u00f3n 1: No tengo ni idea de SEO, \u00bfpodr\u00e9 seguir el ritmo en SEOWarriors?<\/h3>\n<p><strong>Respuesta<\/strong>: Por supuesto, en nuestra membres\u00eda tenemos una hoja de ruta o roadmap con todo perfectamente estructurado para que nadie pueda perderse en el camino. Iremos desde lo m\u00e1s b\u00e1sico hasta llegar a lo m\u00e1s avanzado.<\/p>\n<h3>Objeci\u00f3n 2: \u00bfTendr\u00e9 que gastarme mucho dinero en herramientas una vez compre el curso?<\/h3>\n<p><strong>Respuesta<\/strong>: Puedes hacer el curso con herramientas gratuitas. Usaremos tanto herramientas de pago como gratuitas. Con las de pago podr\u00e1s avanzar m\u00e1s r\u00e1pido porque te ofrecen m\u00e1s y mejores datos, pero para empezar no es necesario invertir en herramientas para hacer SEO.<\/p>\n<h3>Objeci\u00f3n 3: \u00bfEsta Membres\u00eda me sirve para mi ecommerce\/tienda online?<\/h3>\n<p><strong>Respuesta<\/strong>: Claro que s\u00ed. El core de SEOWarriors se centra sobre todo en nicheros y consultores, pero hablaremos tambi\u00e9n de SEO para ecommerce y, adem\u00e1s, crearemos cursos dentro de la plataforma que ser\u00e1n muy \u00fatiles para este tipo de negocios online.<\/p>\n<h3>Objeci\u00f3n 4: El acceso a la Membres\u00eda es caro<\/h3>\n<p><strong>Respuesta<\/strong>: El precio de SEOWarriors est\u00e1 por debajo de la media de otras Membres\u00edas de SEO. Adem\u00e1s, el ritmo de publicaci\u00f3n de clases y de cursos es muy superior al que ofrece la competencia. Queremos hacer accesible el SEO a todo el mundo y por eso nuestro precio es m\u00e1s barato que el resto.25<\/p>\n","protected":false},"excerpt":{"rendered":"<p>P\u00e1gina de Afiliados Seowarriors.club es una membres\u00eda de SEO. Su objetivo es hacer que la gente aprenda a vivir de internet gracias al SEO, como reza en nuestro logo. Nos dirigimos a dos perfiles claramente diferenciados dentro del SEO: nicheros y consultores. Los nicheros quieren vivir de internet gracias a sus propios proyectos, ya sean con Adsense, Amazon o cualquier otro sistema de monetizaci\u00f3n. Quieren hacerlo desde la tranquilidad de su casa o desde donde se sientan m\u00e1s c\u00f3modos, pero [&hellip;]<\/p>\n","protected":false},"author":43,"featured_media":0,"parent":0,"menu_order":0,"comment_status":"closed","ping_status":"open","template":"tpl-externa.php","meta":{"_acf_changed":false,"_genesis_hide_title":false,"_genesis_hide_breadcrumbs":false,"_genesis_hide_singular_image":false,"_genesis_hide_footer_widgets":false,"_genesis_custom_body_class":"","_genesis_custom_post_class":"","_genesis_layout":"","footnotes":""},"class_list":{"0":"post-2396","1":"page","2":"type-page","3":"status-publish","5":"entry"},"acf":[],"_links":{"self":[{"href":"https:\/\/seowarriors.club\/plataforma\/wp-json\/wp\/v2\/pages\/2396","targetHints":{"allow":["GET"]}}],"collection":[{"href":"https:\/\/seowarriors.club\/plataforma\/wp-json\/wp\/v2\/pages"}],"about":[{"href":"https:\/\/seowarriors.club\/plataforma\/wp-json\/wp\/v2\/types\/page"}],"author":[{"embeddable":true,"href":"https:\/\/seowarriors.club\/plataforma\/wp-json\/wp\/v2\/users\/43"}],"replies":[{"embeddable":true,"href":"https:\/\/seowarriors.club\/plataforma\/wp-json\/wp\/v2\/comments?post=2396"}],"version-history":[{"count":30,"href":"https:\/\/seowarriors.club\/plataforma\/wp-json\/wp\/v2\/pages\/2396\/revisions"}],"predecessor-version":[{"id":10634,"href":"https:\/\/seowarriors.club\/plataforma\/wp-json\/wp\/v2\/pages\/2396\/revisions\/10634"}],"wp:attachment":[{"href":"https:\/\/seowarriors.club\/plataforma\/wp-json\/wp\/v2\/media?parent=2396"}],"curies":[{"name":"wp","href":"https:\/\/api.w.org\/{rel}","templated":true}]}}